{"id":9,"date":"2017-09-25T14:04:48","date_gmt":"2017-09-25T14:04:48","guid":{"rendered":"http:\/\/www.darkreflex.com\/dark\/?page_id=9"},"modified":"2021-07-27T23:12:29","modified_gmt":"2021-07-27T22:12:29","slug":"dark-reflex-entrez-dans-lombre","status":"publish","type":"page","link":"https:\/\/www.darkreflex.com\/dark\/","title":{"rendered":"Dark Reflex &#8211; entrez dans l&#8217;ombre&#8230;"},"content":{"rendered":"<p>[vc_row cth_layout=&#8221;bloom_homefullheight_sec&#8221; is_mobile_auto_height=&#8221;yes&#8221; is_fullwidth=&#8221;yes&#8221;][vc_column][bloom_home_owl_slider center=&#8221;yes&#8221; autoplay=&#8221;yes&#8221; use_fade=&#8221;yes&#8221; enable_mousewheel=&#8221;1&#8243;][bloom_home_owl_slider_item slideimg=&#8221;10&#8243;]<\/p>\n<h2>Dark refleX<\/h2>\n<div><a class=\"ajax btn anim-button trans-btn transition \" href=\"https:\/\/www.darkreflex.com\/dark\/le-journal\/\"><span class=\"no-rep\">Entrez si vous avez 18+<\/span><i class=\"fa fa-eye\"><\/i><\/a><\/div>\n<div><\/div>\n<div>\n<h4>a dark refleXion of our dark side<\/h4>\n<\/div>\n<p>[\/bloom_home_owl_slider_item][bloom_home_owl_slider_item slideimg=&#8221;14&#8243;]<\/p>\n<h2>Dark refleX<\/h2>\n<div><a class=\"ajax btn anim-button trans-btn transition \" href=\"https:\/\/www.darkreflex.com\/dark\/le-journal\/\"><span class=\"no-rep\">Entrez si vous avez 18+<\/span><i class=\"fa fa-eye\"><\/i><\/a><\/div>\n<div><\/div>\n<div>\n<h4>une r\u00e9flexion sur nos c\u00f4t\u00e9s obscure<\/h4>\n<\/div>\n<p>[\/bloom_home_owl_slider_item][bloom_home_owl_slider_item slideimg=&#8221;76&#8243;]<\/p>\n<h2>Dark refleX<\/h2>\n<div><a class=\"ajax btn anim-button trans-btn transition \" href=\"https:\/\/www.darkreflex.com\/dark\/le-journal\/\"><span class=\"no-rep\">Entrez si vous avez 18+<\/span><i class=\"fa fa-eye\"><\/i><\/a><\/div>\n<div><\/div>\n<div>\n<h4>nu \u00e9rotique et&#8230; plus<\/h4>\n<\/div>\n<p>[\/bloom_home_owl_slider_item][bloom_home_owl_slider_item slideimg=&#8221;77&#8243;]<\/p>\n<h2>Dark refleX<\/h2>\n<div><a class=\"ajax btn anim-button trans-btn transition \" href=\"https:\/\/www.darkreflex.com\/dark\/le-journal\/\"><span class=\"no-rep\">Entrez si vous avez 18+<\/span><i class=\"fa fa-eye\"><\/i><\/a><\/div>\n<div><\/div>\n<div>\n<h4>BDSM, shibari, soumission&#8230;<\/h4>\n<\/div>\n<p>[\/bloom_home_owl_slider_item][bloom_home_owl_slider_item slideimg=&#8221;78&#8243;]<\/p>\n<h2>Dark refleX<\/h2>\n<div><a class=\"ajax btn anim-button trans-btn transition \" href=\"https:\/\/www.darkreflex.com\/dark\/le-journal\/\"><span class=\"no-rep\">Entrez si vous avez 18+<\/span><i class=\"fa fa-eye\"><\/i><\/a><\/div>\n<div><\/div>\n<div>\n<h4>Punition, r\u00e9compense, dans l&#8217;ombre et la lumi\u00e8re<\/h4>\n<\/div>\n<p>[\/bloom_home_owl_slider_item][\/bloom_home_owl_slider][\/vc_column][\/vc_row][vc_row][vc_column][vc_column_text]<\/p>\n<p>[\/vc_column_text][\/vc_column][\/vc_row]<\/p>\n","protected":false},"excerpt":{"rendered":"<p>[vc_row cth_layout=&#8221;bloom_homefullheight_sec&#8221; is_mobile_auto_height=&#8221;yes&#8221; is_fullwidth=&#8221;yes&#8221;][vc_column][bloom_home_owl_slider center=&#8221;yes&#8221; autoplay=&#8221;yes&#8221; use_fade=&#8221;yes&#8221; enable_mousewheel=&#8221;1&#8243;][bloom_home_owl_slider_item slideimg=&#8221;10&#8243;] Dark refleX Entrez si vous avez 18+ a dark refleXion of our dark side [\/bloom_home_owl_slider_item][bloom_home_owl_slider_item slideimg=&#8221;14&#8243;] Dark refleX Entrez si vous avez 18+ une r\u00e9flexion sur nos c\u00f4t\u00e9s obscure [\/bloom_home_owl_slider_item][bloom_home_owl_slider_item slideimg=&#8221;76&#8243;] Dark refleX Entrez si vous avez 18+ nu \u00e9rotique et&#8230; plus [\/bloom_home_owl_slider_item][bloom_home_owl_slider_item slideimg=&#8221;77&#8243;] Dark refleX [&hellip;]<\/p>\n","protected":false},"author":1,"featured_media":0,"parent":0,"menu_order":0,"comment_status":"closed","ping_status":"closed","template":"homepage.php","meta":{"footnotes":""},"class_list":["post-9","page","type-page","status-publish","hentry"],"_links":{"self":[{"href":"https:\/\/www.darkreflex.com\/dark\/wp-json\/wp\/v2\/pages\/9","targetHints":{"allow":["GET"]}}],"collection":[{"href":"https:\/\/www.darkreflex.com\/dark\/wp-json\/wp\/v2\/pages"}],"about":[{"href":"https:\/\/www.darkreflex.com\/dark\/wp-json\/wp\/v2\/types\/page"}],"author":[{"embeddable":true,"href":"https:\/\/www.darkreflex.com\/dark\/wp-json\/wp\/v2\/users\/1"}],"replies":[{"embeddable":true,"href":"https:\/\/www.darkreflex.com\/dark\/wp-json\/wp\/v2\/comments?post=9"}],"version-history":[{"count":1,"href":"https:\/\/www.darkreflex.com\/dark\/wp-json\/wp\/v2\/pages\/9\/revisions"}],"predecessor-version":[{"id":2189,"href":"https:\/\/www.darkreflex.com\/dark\/wp-json\/wp\/v2\/pages\/9\/revisions\/2189"}],"wp:attachment":[{"href":"https:\/\/www.darkreflex.com\/dark\/wp-json\/wp\/v2\/media?parent=9"}],"curies":[{"name":"wp","href":"https:\/\/api.w.org\/{rel}","templated":true}]}}